der when x is divided by 41.
38
Suppose -5 + 33 = f + 4*p, -3*p + 55 = 5*f. Suppose 2*u - 4*r = 58, -f*r = u - 3*r - 8. What is the remainder when u is divided by 12?
11
Let u = -2199 + 2633. Calculate the remainder when u is divided by 28.
14
Calculate the remainder when 526*(-3)/(-12) - (-10)/(-20) is divided by 12.
11
Suppose -4*j + 18 = 2*t, 2*j - j - 18 = -5*t. Let g = j + 12. Suppose 41 = 9*d - 202. What is the remainder when d is divided by g?
12
Let o = -43 - -48. Suppose -2*l + y + 55 = 0, -2*y = 3*y + o. Calculate the remainder when l is divided by 14.
13
Let b = 2442 - 2357. What is the remainder when 248 is divided by b?
78
Let t = -18 - -24. Suppose 3*n = 7*n - 276. Suppose n = 4*u + 5*c, 0 = u + 4*c - 21 - 10. Calculate the remainder when u is divided by t.
5
Suppose -3*f = 2*k - 9, 1 = 2*f - 1. Let p = 34 - 43. Calculate the remainder when k is divided by (-2)/(-1)*(-9)/p.
1
Let n(g) = -g**2 + 7*g - 4. Let f be n(7). Let o(c) = -29*c - 37. Calculate the remainder when o(f) is divided by 16.
15
Let p = -25 + 35. Suppose -c + p = -17. Suppose -s + 2*a + 8 = 0, s - 4*s = a - 45. What is the remainder when c is divided by s?
13
Let a = -32 + 24. Calculate the remainder when 84 is divided by (68/8)/((-4)/a).
16
Suppose -121 = -24*h + 143. What is the remainder when 87 is divided by h?
10
Let l = -8 + 18. Suppose l*b + 50 - 220 = 0. What is the remainder when 1/(-2) + 133/2 is divided by b?
15
Suppose 7*l - 747 + 222 = 0. Calculate the remainder when 79 is divided by l.
4
Let i(b) = 4*b**2 + 10*b + 11. Suppose -6 = 2*n - n. What is the remainder when i(n) is divided by 32?
31
Suppose 5*x + 5 = 0, -5*j + 3*j - x - 163 = 0. Let r = -78 - j. Let o(k) = -k + 9. What is the remainder when o(6) is divided by r?
0
Let d(i) = -7*i + 2 + 8*i + 0*i + 0*i. Let u be d(2). Suppose -4*m - 52 = -2*v - 22, 3*v + u*m - 25 = 0. Calculate the remainder when 42 is divided by v.
9
Let v(q) = -2*q**2 + 94*q + 110. Calculate the remainder when (41/(-2))/((-1)/2) is divided by v(48).
13
Let t(p) = -p - 19. Let d be t(-16). What is the remainder when 7 is divided by ((-2)/5)/(d/15)?
1
Let r = 1689 - 1658. Calculate the remainder when r is divided by -20*(-3)/(30/8).
15
Let d(j) = 4*j - 3. Suppose 6*x + 15 = -m, -13*m + x = -17*m + 55. Calculate the remainder when m is divided by d(3).
6
Calculate the remainder when 248 is divided by (-4)/(-2) + (-53 - -93).
38
Let j = 27 - 61. Let w = 70 + j. Let i = -4 + w. Calculate the remainder when i is divided by 11.
10
Suppose 3*f - v = 137, -5*v + 27 = 7. Let d = -31 - -48. Calculate the remainder when f is divided by d.
13
Suppose 0 = 3*n + 3, -3*o - 4*n + 1 = -205. Calculate the remainder when o is divided by 18.
16
Let u(g) = -4*g**3 + 4*g**2 + g + 2. What is the remainder when u(-2) is divided by 7?
6
Suppose 5*w = 3*p + 61 - 11, -8 = -2*w. Calculate the remainder when 69 is divided by (-2)/p + -3*116/(-10).
34
Let p = 196 + -183. What is the remainder when 19 is divided by p?
6
Let f(s) = 1 - 128*s + 122*s + 0 + 6. Calculate the remainder when 4 is divided by f(1).
0
Calculate the remainder when 76 is divided by 39*(-2 + 1)*37/(-37).
37
Suppose 2*m + 12 = -n + 3*n, -5*n = 5*m + 10. Suppose 2*f = -3*s + 22, 7*s - 2*s + n*f - 34 = 0. What is the remainder when 15 is divided by s?
3
Calculate the remainder when 22 is divided by 7 - (-1 + 1 - 3).
2
Suppose 4*l - 134 = k - 0*k, l - 28 = 3*k. Let q = l + -26. What is the remainder when 31 is divided by q?
7
Let h = -2 + 2. Suppose 5*n - 56 - 9 = h. Let i = -1 + 9. What is the remainder when n is divided by i?
5
Let q = -14 + 23. Let d = q - -7. Calculate the remainder when 60 is divided by d.
12
Let i = 28 - 16. Let m = i + 0. What is the remainder when 35 is divided by m?
11
Let v = 413 - 286. Let t = v + -110. Calculate the remainder when 0 + 1 - 4*-12 is divided by t.
15
Suppose 2*p = 5*q + 13, 2*p + 3 - 8 = -3*q. Let m(f) = -16*f**3 + 2*f + 1. Let x = -16 + 24. Calculate the remainder when m(q) is divided by x.
7
Let x = 101 - 147. Calculate the remainder when 38 is divided by 34/85 - x/10.
3
Suppose -164 + 44 = -6*m. What is the remainder when 114 is divided by m?
14
Suppose -6*f = 229 - 847. What is the remainder when 305 is divided by f?
99
Suppose -5*g - 3*n - 7 = -105, 2*g - 4*n - 34 = 0. Suppose 7*a + 0*a = 518. Let b = a - g. Calculate the remainder when b is divided by 29.
26
Let n = 151 + -128. What is the remainder when 31 is divided by n?
8
Let k(w) = 2*w - 8. What is the remainder when k(7) is divided by 1*(-8)/((-14)/7)?
2
Let l be -3*(-6)/9 + 2. Suppose 2*y = 34 + l. Calculate the remainder when 774/22 + (7 - (-711)/(-99)) is divided by y.
16
Calculate the remainder when (-44)/(-88) - (-299)/2 is divided by 52.
46
Let k(f) = -27*f - 52. Calculate the remainder when k(-5) is divided by 14.
13
Let o(u) = -1 + 41 - u**2 + u + 50. Calculate the remainder when o(0) is divided by 441/14 - (-8)/(-16).
28
Suppose 1639 + 719 = 9*x. What is the remainder when x is divided by 24?
22
Let y(c) = -11*c - 312. What is the remainder when 228 is divided by y(-34)?
42
What is the remainder when 13 is divided by ((-7)/14)/(35/12 - 3)?
1
Suppose -r + 6 - 10 = 0. What is the remainder when r + -1 + (48 - 18) is divided by ((-3)/6)/((-1)/14)?
4
Suppose 0*t - 5*t - 70 = 3*l, -t - 99 = 4*l. Let b = 92 - l. What is the remainder when b is divided by (-2)/(-3) - (-88)/3?
27
Suppose 0 = 5*x + 5*f - 15, 2*f + 18 = -4*x + 5*x. Calculate the remainder when 12 is divided by x.
4
Let j(r) = -50*r - 2. Suppose 5*u + 6 = 2*d - 18, 2*u = 2*d - 12. Let o be j(d). Let z = o + 167. What is the remainder when z is divided by 23?
19
Suppose -2*k - 7 = -53. Let m be -4*(-1)/(3 - 2). Calculate the remainder when k is divided by 1 - (-4*2 - m).
10
What is the remainder when 63 is divided by (10/(-20))/((-2)/132)?
30
Suppose -5*f = -46 + 6. What is the remainder when f is divided by ((-3)/3 + -1)*-1?
0
Suppose n + 14*n = 330. What is the remainder when n is divided by 1?
0
Let j(v) = -v**3 - 6*v**2 - 10*v + 1. Calculate the remainder when j(-6) is divided by 24.
13
Let v(g) be the first derivative of -g**4/4 + 15*g - 3. Suppose -2*s - s = 0. What is the remainder when 58 is divided by v(s)?
13
Suppose 3*y + 0*y = 198. What is the remainder when y is divided by ((-483)/147)/((-2)/14)?
20
Calculate the remainder when 696/40*(2 + -1 - -4) is divided by 11.
10
Suppose -16*d + 572 = -52. Suppose -l = 4*l - 100. Calculate the remainder when d is divided by l.
19
Let t = 96 + -82. Suppose -c - 2*p = -18, -2*c - t + 35 = -p. What is the remainder when c is divided by 2?
0
Let q = 904 - 379. Calculate the remainder when q is divided by 31.
29
Let i = 3 - 1. Let w(f) = f + 16. Let q be w(-11). Suppose -q*p + 2*p + 21 = 0. What is the remainder when p is divided by i?
1
Let i be -2 + (-1)/((-1)/4). Let t be i/(-8) + 708/(-48). What is the remainder when 42 is divided by -3 + (7 - 4 - t)?
12
Let p(o) = 2 + o - 2 - 3*o - 5*o - 13. Let l(k) = k**3 + 3*k**2 + 2*k + 1. Let a be l(-3). What is the remainder when 41 is divided by p(a)?
19
Suppose 0 = 4*z + 56 - 8. Let x(b) = -b**2 - 10*b + 28. What is the remainder when 19 is divided by x(z)?
3
Let q(p) = 145*p**3 - p**2 + 1. Suppose -4 + 0 = -4*b. What is the remainder when q(b) is divided by 37?
34
Suppose -2*a - 14 = 3*t - 58, 0 = -a - 2*t + 24. Calculate the remainder when 40 is divided by a.
8
Suppose 0 = -16*r - 67 + 19. Calculate the remainder when 233 is divided by 3 + -2 + 37 + r/(-3).
38
Suppose 3*z = 69 + 6. Suppose -3*d + 17 = 2*h, -5*d + 2*d + z = 4*h. What is the remainder when 4 is divided by d?
1
Suppose 6*x - 79 = 5*x. Let h = x + -58. Calculate the remainder when 36 is divided by h.
15
Suppose 2*t - 3*t + 12 = l, 0 = -t + 3*l + 4. Suppose -3*q = -12 + 3, -4*n - q = -99. What is the remainder when n is divided by t?
4
Let u = 103 - 98. Suppose 0 = 3*m - u*f - 130, -5*m = 6*f - 2*f - 192. Suppose 3*p = -0*p + 42. Calculate the remainder when m is divided by p.
12
Let b(u) = u**3 + 13*u**2 - 2*u - 30. Let q be b(-13). Calculate the remainder when 4/(-1)*(-40)/(1 - q) is divided by 11.
10
Suppose -3*f + 257 = -2*z + z, 5*z = 3*f - 277. Let y = 59 - 42. Calculate the remainder when f is divided by y.
16
Let i(s) = -s**2 - 6*s + 129. Calculate t